e highest common divisor of i and n?
7
Let v(n) = 28*n**2 + n - 25. Let b be v(5). What is the greatest common factor of 85 and b?
85
Suppose z - i - 2 - 27 = 0, 54 = 2*z - i. Calculate the greatest common factor of z and 400.
25
Let k be (336/(-36))/(4/(-6)). Let s = 4 + k. What is the highest common divisor of s and 2?
2
Suppose -63*i = -67*i. Suppose -3*r + 78 + 69 = i. What is the highest common divisor of 343 and r?
49
Let f = 84 - 171. Let y = 135 + f. What is the greatest common divisor of 36 and y?
12
Suppose 0*w + 756 = 2*w. Let l = -250 + w. Let g = 93 - 77. Calculate the greatest common divisor of l and g.
16
Suppose -13*w = -16*w - 213. Let q = 79 + w. Let y = 14 - -10. What is the highest common divisor of y and q?
8
Let c(t) = -t**2 - 17*t - 3. Let v(a) = a - 15. Let y be v(6). Let z be c(y). Suppose -z = -6*s + 27. What is the highest common divisor of 8 and s?
8
Suppose 0 = 3*q + 2*q + 3*s + 356, 0 = 3*q - 4*s + 231. Let a = q + 22. Let k = a + 161. Calculate the highest common factor of k and 10.
10
Suppose -1011 = -3*c + 5*l, 89*c + 3*l - 1035 = 86*c. Let g(f) = -5*f - 7. Let i be g(-9). What is the highest common divisor of i and c?
38
Suppose 5*x - 66 = -3*s, 15 = 35*s - 40*s. Calculate the greatest common divisor of 735 and x.
15
Suppose z - 3*j + 6 = 2*j, 0 = -2*z + 4*j. Suppose 4*m + 66 + 110 = z*r, -3*m = -2*r + 134. Let o = -29 - m. What is the highest common factor of o and 51?
17
Let b = 12 - 7. Suppose -x + o - 5 + 46 = 0, -133 = -3*x + b*o. Let y be 1204/49 - 8/14. Calculate the highest common factor of y and x.
12
Let t = 486 - 458. Suppose 4*r + 96 = o, r + 12 = 4*r. Calculate the greatest common divisor of t and o.
28
Let t be (-5)/(((-68)/50898)/(8/6)). What is the highest common divisor of t and 10?
10
Suppose -2*j = r - 1, 2*j + 33 = 5*r - 32. What is the highest common divisor of r and 528?
11
Suppose -3 = 6*x - 21. Suppose 0 = 3*n + 5*l - 37, -x*n = 2*l - 0*l - 31. Suppose -20*i + 23*i - n = 0. Calculate the greatest common divisor of 9 and i.
3
Let d(v) = 106*v**3 + 3*v**2 - 2*v + 1. Let b be d(1). What is the highest common factor of 27 and b?
27
Let k(j) be the first derivative of j**4/2 - 2*j**3/3 + j**2 - j + 2. Let f be k(1). Let r = f + 5. Calculate the highest common factor of 24 and r.
6
Let d(p) be the second derivative of -p**5/20 + 7*p**4/3 - 25*p**3/6 + 9*p**2 - 27*p. Let t be d(27). What is the greatest common factor of 18 and t?
18
Let d(g) = 67*g**3 - g**2 - 2*g. Let n be d(2). Suppose 93*i - 97*i + n = 0. What is the greatest common factor of 12 and i?
12
Suppose 37*u - 30*u = 2072. Calculate the highest common divisor of 8 and u.
8
Suppose 0 = -5*p - 0*p + 15. Suppose -b - p*y = 2*b - 21, -3*y - 4 = -2*b. What is the greatest common divisor of 5 and b?
5
Let c = 957 + -557. What is the greatest common factor of 16 and c?
16
Suppose -23*p + 56*p - 2706 = 0. Calculate the highest common divisor of p and 410.
82
Suppose 0 = 2*d - l + 11 - 126, 5*d + 4*l - 268 = 0. Calculate the highest common divisor of 952 and d.
56
Let b = -414 - -639. What is the greatest common factor of 60 and b?
15
Let q(u) = u + 2. Let o be q(18). Let v be 4/8 - 18/(-4). What is the greatest common divisor of v and o?
5
Suppose 16 = 4*a, -6*r + 121 = -3*r + a. Let g = r - 39. Suppose g*q + 2*q - 8 = 0. What is the greatest common factor of 16 and q?
4
Suppose 343 = 5*h + 6*j - 2*j, -2*j - 6 = 0. Calculate the greatest common factor of h and 781.
71
Let n = -212 + 599. Suppose 0 = 2*b + 40 - 126. Calculate the greatest common divisor of b and n.
43
Suppose 2*u = -i + 29, -3*i - 5*u + 0*u = -83. Calculate the greatest common factor of 133 and i.
7
Let i(u) = 3*u**2 - 30*u - 127. Let l be i(15). What is the highest common factor of l and 77?
7
Let n(t) = -70*t - 200. Let b be n(-11). What is the greatest common factor of 798 and b?
114
Suppose 3*b + 2*l + 10 = -b, b = -4*l - 20. Suppose 0 = -b*r - 6*r + 36. What is the highest common factor of 2 and r?
2
Let d(n) = 7*n - 11. Let t be d(5). Calculate the greatest common factor of 1944 and t.
24
Suppose 63 = 2*b - 3*y, -41*b + y = -45*b + 105. Suppose -2*m + 13 = -5. Calculate the highest common divisor of b and m.
9
Suppose -61 = -20*t + 59. Let q be (-170)/(-7) + (-10)/35. Calculate the greatest common divisor of q and t.
6
Let y = 89 - 69. Let o = 30 + 20. What is the highest common factor of o and y?
10
Let y(a) be the second derivative of 1/2*a**5 - 8*a + 0 - 1/6*a**3 + 0*a**4 + 0*a**2. Let g be y(1). What is the highest common factor of g and 18?
9
Suppose 3*j + 768 = j. Let z be j/60*(-19 - 1). What is the greatest common divisor of z and 16?
16
Suppose 0 = 5*h + c - 28, -3*h + 14 = 5*c - 3*c. Suppose 3*o - h = 0, -4*o = -5*p - 0 + 2. Suppose -p - 2 = -v. Calculate the greatest common factor of v and 1.
1
Let z = -80 + 157. Let p = z + -56. What is the greatest common divisor of p and 42?
21
Suppose 40 = -d - d. Let s be 3 + d/4 - -11. Let y(i) = -26*i**3 + i**2 + i + 1. Let c be y(-1). What is the highest common factor of c and s?
9
Suppose 43 + 328 = 7*j. Calculate the greatest common factor of 318 and j.
53
Let z = -139 - -214. What is the highest common divisor of 1425 and z?
75
Let w be -14 - (3 + 3 + -5). Let k = w - -15. Suppose k = d + 4*d - 85. What is the greatest common divisor of d and 153?
17
Suppose -47*v + 1320 = -27*v. Suppose -15 = -5*u, 3*q + 4*u = 2*q + 34. What is the highest common divisor of q and v?
22
Suppose -80*n = -19*n - 1952. Let f be (-4)/(4/(-2) - 0). What is the greatest common divisor of n and f?
2
Let y = -254 + 296. What is the greatest common factor of 105 and y?
21
Let t be (-2)/10 - (-43)/((-3870)/(-40968)). What is the greatest common factor of 7 and t?
7
Suppose 0 = -s + 4*o + 15 + 17, -4*s - 5*o + 23 = 0. What is the highest common factor of s and 114?
6
Let h(j) = -2*j**2 - 89*j + 859. Let n be h(8). Let g be 2*(-1)/(4/(-38)). What is the greatest common factor of n and g?
19
Let u(k) = -2*k**2 - 21*k - 6. Let m be u(-10). Calculate the greatest common divisor of 36 and m.
4
Let n = 2235 - 2230. Let s = -31 + 46. What is the highest common factor of n and s?
5
Suppose 70 - 154 = -7*o. What is the highest common factor of 1068 and o?
12
Let o = 325 + -306. What is the highest common factor of 475 and o?
19
Let c be ((-10)/(-3))/((-250)/(-11700)). What is the highest common divisor of c and 26?
26
Let z be (82 + -118)/(2/(-13)). Calculate the highest common factor of z and 54.
18
Suppose -5*n = -4*d + 27, -5*d + 1 = -n - 17. Suppose -4*o = -5*s - 95, 4*o + 5*s - 55 = d*o. Calculate the highest common divisor of 75 and o.
15
Suppose 0 = 20*g + 918 - 1398. Let b be (-69)/(-9) - 2/(-6). What is the highest common divisor of g and b?
8
Suppose 2*h + 172 = 4*h. Calculate the greatest common factor of 258 and h.
86
Let b = -986 + 1014. What is the greatest common factor of 322 and b?
14
Let a(i) = 37*i - 2. Let t be a(2). Let p be 184 + (6/2)/((-33)/44). Calculate the highest common divisor of p and t.
36
Let c be (28/6)/(8/120). Suppose -2*w = -2 - c. Suppose 3*v - 97 = -y, -2*v + w = -v + 4*y. What is the highest common divisor of v and 128?
32
Let a be (-2 + (-1 - -1))*-2. Suppose 261 = a*u + 41. Let q be (-36)/(-6) + (-2)/4*2. Calculate the highest common factor of u and q.
5
Suppose 33 = -o - 3*z, -o - 2*o + 3*z = 39. Let t = o - -32. What is the greatest common factor of t and 154?
14
Suppose 0 = -5*v - 655 + 1645. What is the greatest common divisor of 18 and v?
18
Suppose 4*i + 816 + 8 = 6*g, -4*g - 2*i + 540 = 0. Let l(m) = 16*m**2 + 2*m - 1. Let x be l(1). Calculate the highest common divisor of g and x.
17
Let w(r) = -r + 49. Let q be w(43). Suppose -5*z - 74 + 19 = -2*l, -4*z - 26 = -l. What is the greatest common divisor of q and l?
6
Let h(l) = l + 43. Let k be h(-17). Calculate the highest common factor of 143 and k.
13
Suppose -z + 370 = -5*o, 15*z - 3*o = 16*z - 386. Calculate the highest common divisor of z and 152.
76
Let o(z) = z**3 + 8*z**2 - z - 8. Let y be o(-6). Suppose -t - 38 = 4*c, 171 = -5*t - 0*c - c. Let m = 44 + t. Calculate the highest common factor of m and y.
10
Let z = 85 - 67. What is the greatest common factor of z and 90?
18
Let s = -245 + 273. Calculate the highest common factor of 35 and s